 is the greatest common divisor of 269696 and 116914?
98
What is the greatest common factor of 7437 and 14742613?
2479
Calculate the highest common factor of 571494 and 961884.
462
Calculate the highest common divisor of 5 and 45189283.
1
Calculate the highest common factor of 63068718 and 2514.
2514
Calculate the greatest common divisor of 72 and 12952360.
8
What is the greatest common divisor of 12 and 11087574?
6
What is the greatest common factor of 137305 and 2105?
5
Calculate the highest common divisor of 15865 and 114779.
19
Calculate the highest common divisor of 58 and 1734200.
58
Calculate the highest common factor of 44880 and 3937965.
255
What is the highest common divisor of 3328 and 60684416?
1664
What is the highest common divisor of 478234 and 125646?
974
Calculate the highest common factor of 404595 and 925.
185
What is the greatest common divisor of 1205973 and 1833?
141
Calculate the highest common factor of 456 and 97743524.
76
What is the greatest common divisor of 5664725 and 4675?
275
What is the greatest common divisor of 716786 and 56?
14
What is the greatest common factor of 7946 and 22214?
58
What is the greatest common factor of 2078 and 72026597?
1039
What is the highest common divisor of 421341696 and 7830?
1566
Calculate the greatest common factor of 3711096 and 6048.
216
Calculate the greatest common factor of 24496 and 2611886.
3062
Calculate the highest common divisor of 10662929 and 317.
317
Calculate the highest common divisor of 41308050 and 5250.
1050
What is the highest common factor of 7095 and 52755?
15
What is the greatest common divisor of 106200 and 421160?
40
What is the greatest common factor of 10252 and 43076?
44
What is the highest common factor of 28811195 and 175?
35
What is the highest common divisor of 157319780 and 1160?
580
What is the highest common factor of 20 and 2381276?
4
Calculate the greatest common divisor of 2255642 and 5624.
38
Calculate the highest common factor of 6841373 and 2576.
161
Calculate the highest common factor of 291413 and 2099578.
3511
Calculate the highest common factor of 314245347 and 78.
39
What is the highest common factor of 1650 and 2078934?
66
What is the highest common factor of 50214 and 3378?
6
Calculate the highest common factor of 5984462 and 44.
22
Calculate the highest common divisor of 96520 and 121376440.
5080
Calculate the highest common divisor of 288 and 13945248.
288
Calculate the highest common factor of 15 and 1781265.
15
What is the greatest common divisor of 23543 and 3237?
13
Calculate the greatest common factor of 4833 and 29362981.
179
Calculate the highest common factor of 8466304 and 21120.
1408
What is the greatest common factor of 414459866 and 148?
74
What is the greatest common divisor of 235 and 120540759?
47
What is the highest common divisor of 552532 and 52076?
188
Calculate the greatest common divisor of 12876864 and 56.
56
What is the greatest common divisor of 180147611 and 49?
7
Calculate the greatest common factor of 1932364 and 980.
196
What is the highest common divisor of 16275044 and 244?
244
What is the greatest common factor of 9112204 and 721?
103
What is the greatest common factor of 9438 and 18382078?
3146
Calculate the highest common factor of 103659391 and 11.
11
What is the greatest common factor of 704 and 56884960?
352
What is the greatest common divisor of 2200286 and 79310?
2266
What is the highest common factor of 3089820 and 272780?
460
What is the highest common factor of 633 and 75540?
3
Calculate the greatest common factor of 2430 and 1473001605.
1215
What is the greatest common factor of 37594361 and 17?
17
What is the greatest common divisor of 97350 and 40450872?
3894
What is the greatest common factor of 1503 and 1894782?
501
What is the greatest common divisor of 448 and 32884208?
112
Calculate the highest common divisor of 245 and 3638495.
245
Calculate the greatest common factor of 169779960 and 140.
140
Calculate the highest common factor of 1885664 and 30194.
974
What is the greatest common factor of 301372 and 4065968?
5108
What is the greatest common factor of 2102320990 and 179?
179
What is the highest common factor of 362 and 565940?
2
What is the highest common factor of 252 and 553959?
63
What is the greatest common factor of 977352 and 30936?
24
Calculate the greatest common factor of 33 and 83594632.
11
What is the greatest common divisor of 2407 and 291297547?
2407
Calculate the highest common divisor of 480 and 35721960.
120
What is the highest common factor of 3633818 and 2176?
34
What is the highest common factor of 2 and 13324579?
1
What is the greatest common divisor of 6346529 and 1372?
343
What is the highest common divisor of 1557584 and 112?
112
Calculate the highest common factor of 2080 and 2241824.
416
Calculate the greatest common factor of 14595 and 811065.
2085
What is the highest common divisor of 2074 and 243422?
2
Calculate the highest common factor of 312 and 104446472.
104
Calculate the highest common factor of 758912 and 653464.
392
Calculate the highest common divisor of 85255 and 998206.
289
What is the highest common divisor of 97 and 15850673?
97
Calculate the highest common divisor of 40500942 and 36.
6
What is the highest common factor of 175012156 and 1848?
44
Calculate the greatest common divisor of 42009216 and 62.
62
Calculate the greatest common factor of 6422511 and 123.
3
What is the greatest common factor of 770900 and 27278?
1186
Calculate the highest common factor of 8557269 and 231.
21
What is the highest common divisor of 102 and 81080854?
34
Calculate the greatest common factor of 3105249 and 268.
67
Calculate the greatest common divisor of 748528 and 4048.
176
Calculate the highest common divisor of 92 and 246037095.
23
Calculate the greatest common divisor of 35703 and 16209.
9
What is the highest common divisor of 45 and 365356665?
45
What is the highest common factor of 30 and 2129630?
10
What is the highest common factor of 10 and 19441775?
5
What is the highest common factor of 7777696 and 83472?
592
Calculate the highest common divisor of 30298419 and 734.
367
What is the highest common divisor of 17 and 59653969?
17
What is the greatest common factor of 10 and 138562640?
10
Calculate the highest common divisor of 17446 and 269126.
286
What is the highest common divisor of 194319 and 12069?
81
Calculate the highest common divisor of 583 and 123133204.
53
What is the highest common factor of 24355730 and 21437?
1649
Calculate the highest common factor of 4095555 and 833.
17
What is the highest common divisor of 1430281920 and 80?
80
What is the highest common factor of 354394138 and 238?
238
Calculate the greatest common factor of 9800576 and 48.
16
Calculate the highest common divisor of 1281 and 1323220479.
1281
Calculate the greatest common divisor of 4898383 and 20237.
343
What is the greatest common divisor of 5641632 and 79344?
2736
Calculate the greatest common factor of 33 and 162200049.
33
Calculate the greatest common factor of 1188 and 56429352.
108
What is the highest common factor of 3263 and 16409523?
13
Calculate the highest common divisor of 539 and 9881179.
77
Calculate the highest common factor of 571928 and 666763.
1459
Calculate the greatest common divisor of 30615726 and 955662.
11514
Calculate the highest common divisor of 643 and 42501014.
643
Calculate the highest common divisor of 85267052 and 260.
52
Calculate the greatest common divisor of 60125 and 29201510.
2405
What is the greatest common factor of 28570324 and 2024?
92
What is the greatest common factor of 8528 and 3425760?
208
What is the highest common divisor of 16 and 35448136?
8
Calculate the greatest common divisor of 310 and 542562.
62
What is the highest common factor of 39160446 and 2340?
78
Calculate the greatest common factor of 30 and 103310770.
10
What is the greatest common factor of 38209 and 8019868?
2011
What is the greatest common factor of 4410 and 1909040?
490
What is the greatest common divisor of 10743867 and 3?
3
What is the highest common divisor of 18652 and 108867061?
4663
What is the highest common factor of 32208 and 12442848?
528
What is the highest common divisor of 341 and 238591903?
341
Calculate the highest common factor